the prime factors of j?
5, 439
Suppose 0 = 16*q - 62431 - 37057. List the prime factors of q.
2, 3109
Let p(t) be the third derivative of t**5/30 + t**4/24 + 55*t**3/2 + 25*t**2. Let b be p(0). Let s = 279 - b. List the prime factors of s.
2, 3, 19
Let r be 2968/(-583) + (-1)/(-11). Let x(i) = -308*i - 278. What are the prime factors of x(r)?
2, 631
Suppose 6*j + 5*n - 1 = 8*j, 0 = 5*j - 5*n - 20. Suppose 13*i - j*i + 204 = 0. Let l = i - -70. What are the prime factors of l?
2, 3
Let j(f) = 7 + 17 + 15 + 14 - 6*f. Let q be j(-15). Suppose 0 = m + 3*v - 2*v - q, -5*v = -3*m + 389. List the prime factors of m.
2, 3, 23
Suppose 22*z = -8323 - 279. List the prime factors of (z/(-9) + 2/9)*21.
7, 131
List the prime factors of 10/(-5*(-30)/252075).
5, 3361
Let u(n) = -921*n - 3098. List the prime factors of u(-5).
11, 137
Let h = 26 - -28. Let q(b) = 6*b**3 - 108*b**2 + 103*b + 7. Let p be q(17). Let c = h + p. What are the prime factors of c?
2, 3, 13
Let a(p) = 2*p - 6. Let t be a(5). Suppose 34 = n - t*h, 3*h - 16 - 85 = -5*n. What are the prime factors of (11/n)/((-2)/(-668))?
167
List the prime factors of (8 - 2)/(19/((-2145366)/(-12))).
3, 17, 41
Suppose 13*c + 592 = 17*c. Let w = 29 - c. Let u = w - -188. List the prime factors of u.
3, 23
Suppose 0 = z - 4*s + 434 - 2609, -3*z - 5*s + 6610 = 0. What are the prime factors of z?
5, 439
Let n = -2 + 6. Let x = 17 + n. Let s = x - -39. List the prime factors of s.
2, 3, 5
Suppose -f + 3*y + 12 = -102, -16 = -4*y. Suppose -g - 16 = -f. What are the prime factors of -5 - -1 - g/(-2)?
3, 17
Let r(w) = -16*w**2 - 4*w + 3. Let o be r(-1). List the prime factors of (-10141)/o - 138/(-621).
7, 23
Suppose 2*r - 35 + 3 = -4*p, 3*r + 4*p = 52. Suppose f + y + 4*y = 237, -4*y - r = 0. List the prime factors of f.
2, 131
Let k(g) = 372*g + 317. What are the prime factors of k(28)?
10733
Let q(m) = 1144*m - 3867. What are the prime factors of q(8)?
5, 7, 151
Let g = -4815 + 5491. List the prime factors of g.
2, 13
Suppose 6*c = 3*c + 6. Suppose 0 = 5*q, 45 + 63 = c*r + 2*q. Let l = r - -6. List the prime factors of l.
2, 3, 5
Let a(x) = 3*x**2 - 58*x + 49. Let i be a(23). Suppose f - 290 = 2*y, -5*y + 0 = -f + i. List the prime factors of f.
2, 3, 47
Suppose 153 = 16*k - 7*k. Let i = 143 - k. List the prime factors of i.
2, 3, 7
Let u = 1178 + -405. Let g = u + -497. Suppose -2*w = -4*i + 2*i - 184, 2*i = -3*w + g. What are the prime factors of w?
2, 23
Let z = -20494 - -22294. What are the prime factors of z?
2, 3, 5
What are the prime factors of (-1 - -20493) + 5 + 2/(-1) + -8?
3, 6829
Let y(b) = 5*b**3 + 23*b**2 - 54*b - 11. What are the prime factors of y(25)?
91139
Let f(d) = 17*d**2 - 71*d + 1408. What are the prime factors of f(22)?
2, 11, 367
Let x be (171/(-95))/((-6)/40). Suppose n - 1989 = -x*n. What are the prime factors of n?
3, 17
Let p = 208 + 252. Let w = 700 - p. List the prime factors of w.
2, 3, 5
Let f = -1926 - -909. Let h = f + 1433. What are the prime factors of h?
2, 13
Suppose -34*j = -30*j - 44. Suppose -j*y + 825 = -1243. What are the prime factors of y?
2, 47
Let w(x) = x**3 - 26*x**2 - 47*x + 11. Suppose -15*f - 4*v = -13*f - 48, -5*f - 3*v + 134 = 0. List the prime factors of w(f).
263
Suppose -306*d - 9040 = -4*u - 302*d, 0 = -4*u - 4*d + 9032. List the prime factors of u.
3, 251
Let r = 12 - 20. Let c(u) = 487*u - 997*u + 502*u - 14. List the prime factors of c(r).
2, 5
Let a(t) = -t**3 - t**2 + 6*t + 9. Let u be a(-2). List the prime factors of (-1)/(-3) - u - 39380/(-165).
2, 7, 17
Suppose -116*q + 118*q - 2498 = 0. What are the prime factors of q?
1249
Let p be (4/(-3))/((-11)/(198/12)). Let r(s) = -9*s - 11*s**p + s**3 - 188 + s + 182. What are the prime factors of r(12)?
2, 3, 7
Suppose -7*v + 1133 - 4108 = 0. Let x = 238 - v. List the prime factors of x.
3, 13, 17
Let n be 23275 - ((7 - 1) + -15). Suppose -51*u + 72295 = n. What are the prime factors of u?
31
Suppose 4*z - 6 = -13*h + 18*h, 4*h + 5*z = 28. Suppose h*s - 2019 = -5*u + 1496, -s = 5. List the prime factors of u.
3, 5, 47
Suppose 0*v - 666 = 2*v - a, -3*v + 2*a = 1001. Let i = 370 + v. List the prime factors of i.
3, 13
Let q = 146939 - 76500. List the prime factors of q.
70439
Let b be (4 + 3/(-1))/1*2. Suppose 4*x + 3*d = 0, 4*d - b*d = 5*x. Suppose -9*s + 1753 - 655 = x. What are the prime factors of s?
2, 61
Let t be (-4 - -6) + (1 - 13). Let z = -4 - t. What are the prime factors of (-3)/(5/((-730)/z))?
73
Suppose 1245 = 5*y - 1795. Let r = y + -279. List the prime factors of r.
7, 47
Let c(g) = -g**3 - 11*g**2 - 4. Let h be c(-11). Let v be 6 + h + -2 + 1. What are the prime factors of 79 - 4 - v - 4?
2, 5, 7
Suppose -11*a = -3*p - 6*a + 1570, -3*p - a + 1540 = 0. Let m = p - 340. List the prime factors of m.
5, 7
Suppose -709*q = -700*q - 547551. List the prime factors of q.
83, 733
Let t = 11220 - -5789. What are the prime factors of t?
73, 233
List the prime factors of (-82)/533 - ((-562804)/(-26))/(-2).
79, 137
Let x = 3761 - 3761. Let b(z) = 100*z**3 + 2*z**2 - 2*z. Let m be b(2). Suppose -4*y + 4*n = -x*y - m, -n = -4*y + 789. List the prime factors of y.
2, 7
Suppose 2*c = -2*d + 3*d - 76, 5*c + 10 = 0. Suppose -2*y = 7*y - d. Suppose 4*g = y + 24. List the prime factors of g.
2
Let i be -11 + -16*5/(-10). What are the prime factors of i/(-9)*41952/8?
2, 19, 23
Let c = 65 - 63. Let a be ((-179)/1)/((-3 + c)/1). Let o = -74 + a. List the prime factors of o.
3, 5, 7
Suppose 31*y + 29*y = -1062 + 17322. Suppose 214 = w + 2*w - 4*v, 5*v - 178 = -3*w. Let k = y - w. List the prime factors of k.
5, 41
Let f(q) = -66*q**3 - 4*q**2 - 3*q - 1. Let h be f(-2). Suppose -8*t - 11*t - 5586 = 0. Let y = h + t. What are the prime factors of y?
223
Let t(l) = -12875*l - 5876. What are the prime factors of t(-3)?
32749
What are the prime factors of 37/(9/7398*6)?
37, 137
Let x = 315 - 193. Let p = -2772 + 2746. Let y = x + p. What are the prime factors of y?
2, 3
Suppose 10*a + 120 = 13*a. Suppose -4*r - 4*d + a = 0, r - 2*d + 13 = 2*r. Suppose r*h - 16*h + 1476 = 0. What are the prime factors of h?
2, 41
List the prime factors of 3761*(10 - (-36)/45 - (-2)/10).
11, 3761
Let k be (-6)/12*(-2 - (3 - 1)). Let r be k/(8/(-12)*(-3)/19). Let g(x) = -x**3 + 21*x**2 - 28*x - 5. List the prime factors of g(r).
5, 37
Let n(h) = 9*h**3 - 18*h**2 - 29*h + 7. What are the prime factors of n(10)?
6917
Let z = 10 + -10. Suppose z = 21*w - 25*w + 136. What are the prime factors of w?
2, 17
Let z = 4520 - 3145. Suppose -25*g = -20*g - z. What are the prime factors of g?
5, 11
Suppose 0 = 4*i - y - 8143, 10195 = 5*i - 18*y + 20*y. List the prime factors of i.
3, 7, 97
Suppose 12509 + 3539 = 118*a. Let i be -2 - (-3 + -250 - 3). Suppose i = 5*p - a. What are the prime factors of p?
2, 3, 13
Suppose 0 = 4*i - 8*i + 2*b - 74, -2*i - b - 43 = 0. What are the prime factors of (8/i)/(1 + 111/(-110))?
2, 11
Let m be 4/24*-4 - 80/(-30). Suppose -9*x + 14*x - 2213 = -m*f, -5*x = -f + 1114. List the prime factors of f.
1109
Suppose 0 = -5*i + 1457 - 407. Suppose 5*l = 25, -3*v - i = -4*v + 4*l. What are the prime factors of v?
2, 5, 23
Let k(m) be the third derivative of m**6/120 + 11*m**5/60 + 13*m**4/24 + 5*m**3/2 + 33*m**2. Let t be k(-10). List the prime factors of (6/t - 6)/((-2)/40).
2
Suppose 0 = -5*c + 20, -j + c = -c + 5. Let k be -6*((-40)/(-15) - j). Suppose 3*a = -0*b - b - 5, 5*b + k*a - 40 = 0. List the prime factors of b.
2, 5
Suppose 0 = y - 19 - 56. Suppose 5*v + 80 = -2*i + 4*i, i = 5*v + y. List the prime factors of (-1)/(2/v - 255/(-2030)).
2, 29
Suppose -4*x = 3*a - 16833, 6*x + a - 25861 = -608. What are the prime factors of x?
3, 23, 61
Let o(v) = 17*v + 110. Let w be o(-7). Let r(c) = c**3 + 17*c**2 + 15*c + 16. List the prime factors of r(w).
23
Let t = 7898 - 605. List the prime factors of t.
3, 11, 13, 17
Let k(b) = -730*b - 839. List the prime factors of k(-11).
3, 17, 47
Let p be 4 + (-87)/21 - (-72)/14. Let c(j) = 17*j + 41. List the prime factors of c(p).
2, 3, 7
Suppose -4*c - 3*r = -24656, -5*c = -2*r - 31077 + 257. What are the prime factors of c?
2, 23, 67
Let b(q) = q**3 + 23*q**2 + 2*q + 37. Let i(k) = k**2 - 14*k + 3. Let l be i(12). What are the prime factors of b(l)?
877
Let y = 342 + -159. Su